.
3, 17, 41
List the prime factors of 794.
2, 397
What are the prime factors of 2919?
3, 7, 139
List the prime factors of 23267.
53, 439
What are the prime factors of 6415?
5, 1283
List the prime factors of 7050.
2, 3, 5, 47
What are the prime factors of 772?
2, 193
List the prime factors of 476.
2, 7, 17
List the prime factors of 13945.
5, 2789
What are the prime factors of 5326?
2, 2663
List the prime factors of 561.
3, 11, 17
What are the prime factors of 32485?
5, 73, 89
List the prime factors of 6373.
6373
What are the prime factors of 3222?
2, 3, 179
What are the prime factors of 9030?
2, 3, 5, 7, 43
What are the prime factors of 502?
2, 251
List the prime factors of 2924.
2, 17, 43
List the prime factors of 4008.
2, 3, 167
List the prime factors of 12942.
2, 3, 719
What are the prime factors of 2150?
2, 5, 43
What are the prime factors of 25524?
2, 3, 709
List the prime factors of 87298.
2, 43649
List the prime factors of 133611.
3, 44537
List the prime factors of 117.
3, 13
List the prime factors of 51.
3, 17
List the prime factors of 39014.
2, 19507
List the prime factors of 9116.
2, 43, 53
What are the prime factors of 2250?
2, 3, 5
List the prime factors of 324.
2, 3
List the prime factors of 2297.
2297
What are the prime factors of 424?
2, 53
What are the prime factors of 14565?
3, 5, 971
What are the prime factors of 1331?
11
List the prime factors of 180.
2, 3, 5
What are the prime factors of 7740?
2, 3, 5, 43
What are the prime factors of 17493?
3, 7, 17
What are the prime factors of 60752?
2, 3797
What are the prime factors of 3714?
2, 3, 619
What are the prime factors of 501?
3, 167
What are the prime factors of 35676?
2, 3, 991
What are the prime factors of 30032?
2, 1877
What are the prime factors of 256?
2
List the prime factors of 7696.
2, 13, 37
List the prime factors of 9581.
11, 13, 67
List the prime factors of 9389.
41, 229
List the prime factors of 419.
419
List the prime factors of 9361.
11, 23, 37
List the prime factors of 38130.
2, 3, 5, 31, 41
What are the prime factors of 2285?
5, 457
What are the prime factors of 7252?
2, 7, 37
List the prime factors of 1957.
19, 103
What are the prime factors of 21929?
21929
List the prime factors of 72236.
2, 18059
What are the prime factors of 158817?
3, 167, 317
List the prime factors of 1232.
2, 7, 11
What are the prime factors of 55280?
2, 5, 691
What are the prime factors of 4277?
7, 13, 47
What are the prime factors of 4262?
2, 2131
List the prime factors of 878.
2, 439
List the prime factors of 40.
2, 5
What are the prime factors of 46069?
23, 2003
What are the prime factors of 2476?
2, 619
List the prime factors of 4998.
2, 3, 7, 17
What are the prime factors of 2496?
2, 3, 13
List the prime factors of 595.
5, 7, 17
What are the prime factors of 76654?
2, 38327
What are the prime factors of 9800?
2, 5, 7
List the prime factors of 1279.
1279
What are the prime factors of 22113?
3, 7, 13
List the prime factors of 57662.
2, 11, 2621
What are the prime factors of 1253?
7, 179
List the prime factors of 8060.
2, 5, 13, 31
What are the prime factors of 13023?
3, 1447
What are the prime factors of 38383?
131, 293
List the prime factors of 21633.
3, 7211
List the prime factors of 28957.
23, 1259
List the prime factors of 2926.
2, 7, 11, 19
What are the prime factors of 16854?
2, 3, 53
List the prime factors of 64511.
31, 2081
What are the prime factors of 15322?
2, 47, 163
What are the prime factors of 23652?
2, 3, 73
What are the prime factors of 18819?
3, 17, 41
What are the prime factors of 34274?
2, 17137
What are the prime factors of 598?
2, 13, 23
What are the prime factors of 2542?
2, 31, 41
What are the prime factors of 9411?
3, 3137
List the prime factors of 2093.
7, 13, 23
What are the prime factors of 39659?
39659
List the prime factors of 82384.
2, 19, 271
List the prime factors of 39885.
3, 5, 2659
What are the prime factors of 8102?
2, 4051
List the prime factors of 3444.
2, 3, 7, 41
What are the prime factors of 8573?
8573
What are the prime factors of 6648?
2, 3, 277
List the prime factors of 6097.
7, 13, 67
What are the prime factors of 10458?
2, 3, 7, 83
List the prime factors of 1199.
11, 109
List the prime factors of 1192.
2, 149
What are the prime factors of 38112?
2, 3, 397
List the prime factors of 387.
3, 43
List the prime factors of 109882.
2, 54941
List the prime factors of 979.
11, 89
List the prime factors of 128494.
2, 41, 1567
What are the prime factors of 1568?
2, 7
What are the prime factors of 577?
577
List the prime factors of 2651.
11, 241
List the prime factors of 772.
2, 193
What are the prime factors of 4512?
2, 3, 47
List the prime factors of 138724.
2, 79, 439
List the prime factors of 18746.
2, 7, 13, 103
List the prime factors of 1715.
5, 7
What are the prime factors of 78820?
2, 5, 7, 563
What are the prime factors of 17501?
11, 37, 43
List the prime factors of 9617.
59, 163
What are the prime factors of 763?
7, 109
List the prime factors of 274.
2, 137
List the prime factors of 282.
2, 3, 47
List the prime factors of 18989.
17, 1117
What are the prime factors of 23022?
2, 3, 1279
List the prime factors of 9836.
2, 2459
List the prime factors of 76415.
5, 17, 29, 31
What are the prime factors of 62737?
43, 1459
What are the prime factors of 522?
2, 3, 29
What are the prime factors of 2528?
2, 79
What are the prime factors of 11707?
23, 509
List the prime factors of 1333.
31, 43
List the prime factors of 19090.
2, 5, 23, 83
List the prime factors of 25777.
149, 173
What are the prime factors of 7560?
2, 3, 5, 7
List the prime factors of 10426.
2, 13, 401
What are the prime factors of 767?
13, 59
List the prime factors of 37475.
5, 1499
What are the prime factors of 1032?
2, 3, 43
What are the prime factors of 210?
2, 3, 5, 7
List the prime factors of 53833.
13, 41, 101
List the prime factors of 13187.
13187
What are the prime factors of 3495?
3, 5, 233
List the prime factors of 194.
2, 97
What are the prime factors of 7302?
2, 3, 1217
List the prime factors of 25992.
2, 3, 19
List the prime factors of 1918.
2, 7, 137
List the prime factors of 56981.
19, 2999
What are the prime factors of 6363?
3, 7, 101
List the prime factors of 6501.
3, 11, 197
What are the prime factors of 2183?
37, 59
What are the prime factors of 33682?
2, 11, 1531
List the prime factors of 2201.
31, 71
What are the prime factors of 40325?
5, 1613
List the prime factors of 323.
17, 19
What are the prime factors of 788?
2, 197
List the prime factors of 25277.
7, 23, 157
List the prime factors of 4822.
2, 2411
List the prime factors of 1234.
2, 617
What are the prime factors of 34931?
13, 2687
List the prime factors of 53862.
2, 3, 47, 191
What are the prime factors of 10841?
37, 293
What are the prime factors of 2759?
31, 89
What are the prime factors of 3640?
2, 5, 7, 13
List the prime factors of 594.
2, 3, 11
List the prime factors of 5046.
2, 3, 29
What are the prime factors of 4903?
4903
List the prime factors of 32647.
32647
List the prime factors of 47750.
2, 5, 191
What are the prime factors of 1305?
3, 5, 29
List the prime factors of 1010.
2, 5, 101
List the prime factors of 3985.
5, 797
List the prime factors of 11585.
5, 7, 331
What are the prime factors of 4740?
2, 3, 5, 79
What are the prime factors of 18219?
3, 6073
What are the prime factors of 7837?
17, 461
List the prime factors of 20193.
3, 53, 127
What are the prime factors of 34124?
2, 19, 449
What are the prime factors of 30173?
11, 13, 211
List the prime factors of 9982.
2, 7, 23, 31
What are the prime factors of 27362?
2, 13681
List the prime factors of 142.
2, 71
List the prime factors of 25740.
2, 3, 5, 11, 13
List the prime factors of 29004.
2, 3, 2417
List the prime factors of 1013.
1013
List the prime factors of 5906.
2, 2953
What are the prime factors of 1501?
19, 79
What are the prime factors of 1366?
2, 683
What are the prime factors of 471?
3, 157
List the prime factors of 10623.
3, 3541
What are the prime factors of 4710?
2, 3, 5, 157
What are the prime factors of 442?
2, 13, 17
What are the prime factors of 660?
2, 3, 5, 11
What are the prime factors of 2498?
2, 1249
What are the prime factors of 93782?
2, 13, 3607
List the prime factors of 144080.
2, 5, 1801
What are the prime f